{"id":335,"date":"2024-04-24T12:57:24","date_gmt":"2024-04-24T12:57:24","guid":{"rendered":"https:\/\/emesshop.ch\/schmuck2\/?post_type=product&#038;p=335"},"modified":"2024-04-24T14:38:20","modified_gmt":"2024-04-24T14:38:20","slug":"1-mm-kuegeli-kette-mit-blattanhaenger-mit-stein","status":"publish","type":"product","link":"https:\/\/emesshop.ch\/schmuck2\/index.php\/produkt\/1-mm-kuegeli-kette-mit-blattanhaenger-mit-stein\/","title":{"rendered":"1 mm K\u00fcgeli-Kette Silber mit Blattanh\u00e4nger und Stein"},"content":{"rendered":"<p>Kette: 1 mm K\u00fcgeli-Kette 925 Silber, 80 cm<\/p>\n<p>Anh\u00e4nger: filigranes Blatt, 925 Silber, 4.5 cm, mit 6 mm Kyanit Button (blau)<\/p>\n<div id='gallery-1' class='gallery galleryid-335 gallery-columns-3 gallery-size-thumbnail'><figure class='gallery-item'>\n\t\t\t<div class='gallery-icon landscape'>\n\t\t\t\t<a href='https:\/\/emesshop.ch\/schmuck2\/?attachment_id=337'><img width=\"150\" height=\"150\" src=\"https:\/\/emesshop.ch\/schmuck2\/wp-content\/uploads\/2024\/04\/filigranes-blatt-silber-150x150.png\" class=\"attachment-thumbnail size-thumbnail\" alt=\"\" decoding=\"async\" loading=\"lazy\" srcset=\"https:\/\/emesshop.ch\/schmuck2\/wp-content\/uploads\/2024\/04\/filigranes-blatt-silber-150x150.png 150w, https:\/\/emesshop.ch\/schmuck2\/wp-content\/uploads\/2024\/04\/filigranes-blatt-silber-100x100.png 100w\" sizes=\"(max-width: 150px) 100vw, 150px\" \/><\/a>\n\t\t\t<\/div><\/figure><figure class='gallery-item'>\n\t\t\t<div class='gallery-icon landscape'>\n\t\t\t\t<a href='https:\/\/emesshop.ch\/schmuck2\/?attachment_id=339'><img width=\"150\" height=\"150\" src=\"https:\/\/emesshop.ch\/schmuck2\/wp-content\/uploads\/2024\/04\/silberkette-mit-blatt-und-kyanit-150x150.png\" class=\"attachment-thumbnail size-thumbnail\" alt=\"\" decoding=\"async\" loading=\"lazy\" srcset=\"https:\/\/emesshop.ch\/schmuck2\/wp-content\/uploads\/2024\/04\/silberkette-mit-blatt-und-kyanit-150x150.png 150w, https:\/\/emesshop.ch\/schmuck2\/wp-content\/uploads\/2024\/04\/silberkette-mit-blatt-und-kyanit-100x100.png 100w\" sizes=\"(max-width: 150px) 100vw, 150px\" \/><\/a>\n\t\t\t<\/div><\/figure><figure class='gallery-item'>\n\t\t\t<div class='gallery-icon landscape'>\n\t\t\t\t<a href='https:\/\/emesshop.ch\/schmuck2\/?attachment_id=336'><img width=\"150\" height=\"150\" src=\"https:\/\/emesshop.ch\/schmuck2\/wp-content\/uploads\/2024\/04\/siberblatt-mit-kyanit-150x150.png\" class=\"attachment-thumbnail size-thumbnail\" alt=\"Silberkette mit Anh\u00e4nger Blatt filigran und Kyanit\" decoding=\"async\" loading=\"lazy\" srcset=\"https:\/\/emesshop.ch\/schmuck2\/wp-content\/uploads\/2024\/04\/siberblatt-mit-kyanit-150x150.png 150w, https:\/\/emesshop.ch\/schmuck2\/wp-content\/uploads\/2024\/04\/siberblatt-mit-kyanit-100x100.png 100w\" sizes=\"(max-width: 150px) 100vw, 150px\" \/><\/a>\n\t\t\t<\/div><\/figure><figure class='gallery-item'>\n\t\t\t<div class='gallery-icon landscape'>\n\t\t\t\t<a href='https:\/\/emesshop.ch\/schmuck2\/?attachment_id=338'><img width=\"150\" height=\"150\" src=\"https:\/\/emesshop.ch\/schmuck2\/wp-content\/uploads\/2024\/04\/Ssilberblatt-filigran-mit-kyanit-150x150.png\" class=\"attachment-thumbnail size-thumbnail\" alt=\"\" decoding=\"async\" loading=\"lazy\" srcset=\"https:\/\/emesshop.ch\/schmuck2\/wp-content\/uploads\/2024\/04\/Ssilberblatt-filigran-mit-kyanit-150x150.png 150w, https:\/\/emesshop.ch\/schmuck2\/wp-content\/uploads\/2024\/04\/Ssilberblatt-filigran-mit-kyanit-100x100.png 100w\" sizes=\"(max-width: 150px) 100vw, 150px\" \/><\/a>\n\t\t\t<\/div><\/figure>\n\t\t<\/div>\n\n","protected":false},"excerpt":{"rendered":"<p>Kette: 1 mm K\u00fcgeli-Kette 925 Silber, 80 cm Anh\u00e4nger: filigranes Blatt, 925 Silber, 4.5 cm, mit 6 mm Kyanit Button (blau)<\/p>\n","protected":false},"featured_media":336,"template":"","meta":[],"_links":{"self":[{"href":"https:\/\/emesshop.ch\/schmuck2\/index.php\/wp-json\/wp\/v2\/product\/335"}],"collection":[{"href":"https:\/\/emesshop.ch\/schmuck2\/index.php\/wp-json\/wp\/v2\/product"}],"about":[{"href":"https:\/\/emesshop.ch\/schmuck2\/index.php\/wp-json\/wp\/v2\/types\/product"}],"wp:featuredmedia":[{"embeddable":true,"href":"https:\/\/emesshop.ch\/schmuck2\/index.php\/wp-json\/wp\/v2\/media\/336"}],"wp:attachment":[{"href":"https:\/\/emesshop.ch\/schmuck2\/index.php\/wp-json\/wp\/v2\/media?parent=335"}],"curies":[{"name":"wp","href":"https:\/\/api.w.org\/{rel}","templated":true}]}}