{"id":225,"date":"2023-12-09T10:57:50","date_gmt":"2023-12-09T10:57:50","guid":{"rendered":"https:\/\/emesshop.ch\/schmuck2\/?post_type=product&#038;p=225"},"modified":"2023-12-09T10:57:50","modified_gmt":"2023-12-09T10:57:50","slug":"kette-aquamarin-mit-silberanhaenger-libelle","status":"publish","type":"product","link":"https:\/\/emesshop.ch\/schmuck2\/index.php\/produkt\/kette-aquamarin-mit-silberanhaenger-libelle\/","title":{"rendered":"Kette Aquamarin mit Silberanh\u00e4nger Libelle"},"content":{"rendered":"<p>Kette Aquamarin (Kugeln 4 mm) und Silberteile, L\u00e4nge 41 cm<\/p>\n<p>Anh\u00e4nger Silber (999) Libelle, Gr\u00f6sse 2,5 x 2 cm<\/p>\n","protected":false},"excerpt":{"rendered":"<p>Kette Aquamarin (Kugeln 4 mm) und Silberteile, L\u00e4nge 41 cm Anh\u00e4nger Silber (999) Libelle, Gr\u00f6sse 2,5 x 2 cm<\/p>\n","protected":false},"featured_media":226,"template":"","meta":[],"_links":{"self":[{"href":"https:\/\/emesshop.ch\/schmuck2\/index.php\/wp-json\/wp\/v2\/product\/225"}],"collection":[{"href":"https:\/\/emesshop.ch\/schmuck2\/index.php\/wp-json\/wp\/v2\/product"}],"about":[{"href":"https:\/\/emesshop.ch\/schmuck2\/index.php\/wp-json\/wp\/v2\/types\/product"}],"wp:featuredmedia":[{"embeddable":true,"href":"https:\/\/emesshop.ch\/schmuck2\/index.php\/wp-json\/wp\/v2\/media\/226"}],"wp:attachment":[{"href":"https:\/\/emesshop.ch\/schmuck2\/index.php\/wp-json\/wp\/v2\/media?parent=225"}],"curies":[{"name":"wp","href":"https:\/\/api.w.org\/{rel}","templated":true}]}}