{"id":199,"date":"2023-11-01T16:22:55","date_gmt":"2023-11-01T16:22:55","guid":{"rendered":"https:\/\/emesshop.ch\/schmuck2\/?post_type=product&#038;p=199"},"modified":"2023-11-01T16:32:41","modified_gmt":"2023-11-01T16:32:41","slug":"raeuchermischung-von-der-finsternis-ins-licht","status":"publish","type":"product","link":"https:\/\/emesshop.ch\/schmuck2\/index.php\/produkt\/raeuchermischung-von-der-finsternis-ins-licht\/","title":{"rendered":"R\u00e4uchermischung *von der Finsternis ins Licht*"},"content":{"rendered":"<p>*Halte inne im Dunkel und komme ganz bei dir an. Im Schutze der Dunkelheit findest du die Ruhe zu heilen, Kraft zu tanken und dann voller Leichtigkeit Schritt f\u00fcr Schritt ins Licht zu gehen und dort hell zu erstrahlen*<\/p>\n<p>*Dunkelhei und Licht*<\/p>\n<p>*Licht und Schatten*<\/p>\n<p>*ALLEINS*<\/p>\n<p>Vollmond 28.10.2023<\/p>\n<p>Inhalt: Angelikawurz, Copal Ora, Alantwurzel, Albispasschr\u00fctli wie M\u00e4des\u00fcss, Johanniskraut, Lavendel, Melisse, Rosenbl\u00e4tter, Salbei Tannenharz; 35 gr.<\/p>\n","protected":false},"excerpt":{"rendered":"<p>*Halte inne im Dunkel und komme ganz bei dir an. Im Schutze der Dunkelheit findest du die Ruhe zu heilen, Kraft zu tanken und dann voller Leichtigkeit Schritt f\u00fcr Schritt ins Licht zu gehen und dort hell zu erstrahlen* *Dunkelhei und Licht* *Licht und Schatten* *ALLEINS* Vollmond 28.10.2023 Inhalt: Angelikawurz, Copal Ora, Alantwurzel, Albispasschr\u00fctli wie<\/p>\n<div class=\"more-link\">\n             <a href=\"https:\/\/emesshop.ch\/schmuck2\/index.php\/produkt\/raeuchermischung-von-der-finsternis-ins-licht\/\" class=\"btn btn-theme\">Weiterlesen<i class=\"fa fa-fw fa-long-arrow-right\"><\/i><\/a>\n        <\/div>\n","protected":false},"featured_media":200,"template":"","meta":[],"_links":{"self":[{"href":"https:\/\/emesshop.ch\/schmuck2\/index.php\/wp-json\/wp\/v2\/product\/199"}],"collection":[{"href":"https:\/\/emesshop.ch\/schmuck2\/index.php\/wp-json\/wp\/v2\/product"}],"about":[{"href":"https:\/\/emesshop.ch\/schmuck2\/index.php\/wp-json\/wp\/v2\/types\/product"}],"wp:featuredmedia":[{"embeddable":true,"href":"https:\/\/emesshop.ch\/schmuck2\/index.php\/wp-json\/wp\/v2\/media\/200"}],"wp:attachment":[{"href":"https:\/\/emesshop.ch\/schmuck2\/index.php\/wp-json\/wp\/v2\/media?parent=199"}],"curies":[{"name":"wp","href":"https:\/\/api.w.org\/{rel}","templated":true}]}}