{"id":148,"date":"2023-07-30T19:54:50","date_gmt":"2023-07-30T19:54:50","guid":{"rendered":"https:\/\/emesshop.ch\/schmuck2\/?post_type=product&#038;p=148"},"modified":"2023-07-30T19:54:51","modified_gmt":"2023-07-30T19:54:51","slug":"mala-kette-mandala-om","status":"publish","type":"product","link":"https:\/\/emesshop.ch\/schmuck2\/index.php\/produkt\/mala-kette-mandala-om\/","title":{"rendered":"MALA-Kette Mandala OM"},"content":{"rendered":"<div id='gallery-1' class='gallery galleryid-148 gallery-columns-3 gallery-size-thumbnail'><figure class='gallery-item'>\n\t\t\t<div class='gallery-icon landscape'>\n\t\t\t\t<a href='https:\/\/emesshop.ch\/schmuck2\/?attachment_id=150'><img width=\"150\" height=\"150\" src=\"https:\/\/emesshop.ch\/schmuck2\/wp-content\/uploads\/2023\/07\/malakette-mandala-om-150x150.png\" class=\"attachment-thumbnail size-thumbnail\" alt=\"Silberamulett Mandala OM\" decoding=\"async\" aria-describedby=\"gallery-1-150\" loading=\"lazy\" srcset=\"https:\/\/emesshop.ch\/schmuck2\/wp-content\/uploads\/2023\/07\/malakette-mandala-om-150x150.png 150w, https:\/\/emesshop.ch\/schmuck2\/wp-content\/uploads\/2023\/07\/malakette-mandala-om-100x100.png 100w\" sizes=\"(max-width: 150px) 100vw, 150px\" \/><\/a>\n\t\t\t<\/div>\n\t\t\t\t<figcaption class='wp-caption-text gallery-caption' id='gallery-1-150'>\n\t\t\t\tMalakette Rosenquarz\n\t\t\t\t<\/figcaption><\/figure><figure class='gallery-item'>\n\t\t\t<div class='gallery-icon landscape'>\n\t\t\t\t<a href='https:\/\/emesshop.ch\/schmuck2\/?attachment_id=151'><img width=\"150\" height=\"150\" src=\"https:\/\/emesshop.ch\/schmuck2\/wp-content\/uploads\/2023\/07\/malakette-om-silber-amethyst-150x150.png\" class=\"attachment-thumbnail size-thumbnail\" alt=\"\" decoding=\"async\" aria-describedby=\"gallery-1-151\" loading=\"lazy\" srcset=\"https:\/\/emesshop.ch\/schmuck2\/wp-content\/uploads\/2023\/07\/malakette-om-silber-amethyst-150x150.png 150w, https:\/\/emesshop.ch\/schmuck2\/wp-content\/uploads\/2023\/07\/malakette-om-silber-amethyst-100x100.png 100w\" sizes=\"(max-width: 150px) 100vw, 150px\" \/><\/a>\n\t\t\t<\/div>\n\t\t\t\t<figcaption class='wp-caption-text gallery-caption' id='gallery-1-151'>\n\t\t\t\tSilbermandala OM\n\t\t\t\t<\/figcaption><\/figure>\n\t\t<\/div>\n\n<p>Silberamulett Gr\u00f6sse: 2,5 cm<\/p>\n<p>Kette: Rosenquarz, Amethyst, Onyx, Lepidolith<\/p>\n<p>F\u00fcr klare Wahrnehmung, Vertrauen in die eigenen F\u00e4higkeiten und Durchsetzungsverm\u00f6gen<\/p>\n<p>Harmonisierend, innerer Frieden und Lebensfreude<\/p>\n<p>Hilft seelische Wunden zu heilen und \u00c4ngste und Depressionen werden gelindert<\/p>\n<p>&nbsp;<\/p>\n","protected":false},"excerpt":{"rendered":"<p>Silberamulett Gr\u00f6sse: 2,5 cm Kette: Rosenquarz, Amethyst, Onyx, Lepidolith F\u00fcr klare Wahrnehmung, Vertrauen in die eigenen F\u00e4higkeiten und Durchsetzungsverm\u00f6gen Harmonisierend, innerer Frieden und Lebensfreude Hilft seelische Wunden zu heilen und \u00c4ngste und Depressionen werden gelindert &nbsp;<\/p>\n","protected":false},"featured_media":149,"template":"","meta":[],"_links":{"self":[{"href":"https:\/\/emesshop.ch\/schmuck2\/index.php\/wp-json\/wp\/v2\/product\/148"}],"collection":[{"href":"https:\/\/emesshop.ch\/schmuck2\/index.php\/wp-json\/wp\/v2\/product"}],"about":[{"href":"https:\/\/emesshop.ch\/schmuck2\/index.php\/wp-json\/wp\/v2\/types\/product"}],"wp:featuredmedia":[{"embeddable":true,"href":"https:\/\/emesshop.ch\/schmuck2\/index.php\/wp-json\/wp\/v2\/media\/149"}],"wp:attachment":[{"href":"https:\/\/emesshop.ch\/schmuck2\/index.php\/wp-json\/wp\/v2\/media?parent=148"}],"curies":[{"name":"wp","href":"https:\/\/api.w.org\/{rel}","templated":true}]}}